?
2
Let s(d) = -233*d**3 + d**2 - 2*d - 2. What is the tens digit of s(-1)?
3
Let f = 41 - 58. Suppose 2*t - 55 = -19. Let n = t + f. What is the units digit of n?
1
Let j(d) = -6*d - 27. Let w be (-1 - 15/9)*18/4. What is the units digit of j(w)?
5
Let v = 13 - 11. Suppose 4*c + v*g = -6 + 48, 0 = c + 2*g - 18. Let q = 16 + c. What is the units digit of q?
4
Let z(u) = 1668*u**2 + 4*u + 1. What is the units digit of z(1)?
3
Suppose -5*x - 498 = -1683. What is the units digit of x?
7
Let n be (-1)/2 - 18/(-4). Suppose n*s = -12, -2*s - 2*s = b - 17. What is the tens digit of b?
2
Let q(l) = -5 + 9 - 31*l**3 - 6*l**2 + l**2 - 3*l + 30*l**3. What is the units digit of q(-6)?
8
Let q(z) be the third derivative of z**5/60 + z**4/12 + z**3/2 - 4*z**2. Let b be q(-2). What is the units digit of (4/10)/(b/180)?
4
Let u be (-2)/7 + (-1 - (-48)/(-28)). Let t(l) = 6*l**2 + 2*l + 2. What is the tens digit of t(u)?
5
Suppose 7*f = 2565 + 4379. What is the tens digit of f?
9
Let d(g) = -g**2 - 4*g + 5. Suppose 0 = -2*r + 3*r + a + 1, 4*r + 2*a = -10. Let n be (-3)/2 + 10/r. What is the units digit of d(n)?
5
Suppose 2*b = -4*p + 802, 199 = p - b - 0*b. Let d = p - 133. Let t = d + -43. What is the tens digit of t?
2
What is the units digit of (-24 + 0)*(-854)/21?
6
Let y be 2 - 2 - (-1189 - 5). Suppose -5*b - 464 = -y. Let a = -92 + b. What is the units digit of a?
4
Suppose -2 = -3*x + 2*x. Let m be (-480)/(-78) - x/13. What is the tens digit of 21/14*44/m?
1
Let s(o) be the second derivative of 2/3*o**3 - 7/2*o**2 + 0 + 7/12*o**4 + 1/20*o**5 - 7*o. What is the tens digit of s(-5)?
2
Let q(u) = u**3 + 11*u**2 - u + 4. Let b be 22*3/(-12)*2. What is the tens digit of q(b)?
1
Suppose -6*u + 5*u = -709. What is the hundreds digit of u?
7
Suppose 5*a - 1 = 6*a. Let r be (-1)/(a/19) + -2. Suppose d - r = 8. What is the tens digit of d?
2
Let g(j) = 5*j + 35. Let d be g(-7). Suppose 3*m = -3*q - 0*q + 432, d = -2*m + 5*q + 253. What is the tens digit of m?
3
Let c = 37 - 81. Let i(k) = -2*k**2 - 2*k - 1. Let o be i(-4). Let y = o - c. What is the tens digit of y?
1
Let s = -10 + -10. Let g be (-5)/s - 129/(-12). Let c = g + 28. What is the units digit of c?
9
Let m(k) = 80*k**2 + 6*k + 7. What is the hundreds digit of m(-2)?
3
Let c = -1601 + 2708. What is the hundreds digit of c?
1
Let t be (1 + -1)/(8 + -6). Suppose -2*m + 2 = -r - 6, t = m - r - 5. Suppose 0 = -2*l - 2*i + 20, -2*i = -m*l - 0*l + 15. What is the units digit of l?
7
What is the tens digit of ((-6)/36*6)/(1/(-344))?
4
Let u(o) = o**3 - 14*o**2 - 21*o + 30. Let t be u(15). What is the tens digit of 52/(-2 + t/(-25))?
3
Suppose -12 = -75*a + 71*a. What is the units digit of -2*((-27)/(-6))/a - -79?
6
Let g = 413 - 213. Let d = g + -286. Let k = -61 - d. What is the tens digit of k?
2
Suppose 14*d + 355 = 677. Let x(w) = -7*w - 2. Let j be x(-7). Let o = d + j. What is the units digit of o?
0
What is the hundreds digit of 2 - 0 - (8 - 224 - 1)?
2
Suppose 5*p - 6517 = -3*v, 5*v = 88*p - 90*p + 10887. What is the hundreds digit of v?
1
Suppose -4*g + 34 = -6*g. What is the units digit of g/(-4) + 3/(-12)?
4
Let r(j) = 6*j**2 + j + 2. Let t be r(2). Suppose 4*w = -4*g + 8, -g - 6 = 5*w - 0. Suppose -g*f + 92 + t = 0. What is the units digit of f?
0
Suppose 0 = -9*d + 2331 + 4347. What is the hundreds digit of d?
7
What is the tens digit of ((-76)/2)/2*(-424 + 417)?
3
Suppose 4*h = 3*i + 10 - 297, 3*i + 4*h = 271. Let d = 180 - i. What is the tens digit of d?
8
Let w(h) = 92*h**2 + h + 27. What is the hundreds digit of w(7)?
5
Suppose -u = -d + 4, 0 = 2*d - u - 11 + 2. Suppose -4*p - 143 = -d*w + 71, 2*p = -3*w + 124. What is the units digit of w?
2
Suppose 37 = -f + 4*z, -f - 28 = -0*f - z. Let b = f + 44. What is the units digit of b?
9
Let v be ((45/5)/(-3))/(-1). Suppose 0 = v*t - 3*y - 183, 9*t - y = 4*t + 317. What is the units digit of t?
4
Suppose -n = -73*i + 70*i + 3960, 0 = -4*n + 12. What is the tens digit of i?
2
Suppose 0 = -34*r - 15991 + 130231. What is the hundreds digit of r?
3
Suppose -2*o = -4 - 8. Let x be 3 - (-1 + o + -2). What is the units digit of -4 + 6 - (-33 + x)?
5
Let r(p) = -2*p**3 + 6*p**2 - 7*p + 5. Let w be r(4). Suppose 2*l - 222 = -4*k, -k - 87 = -l + 3*k. Let a = w + l. What is the units digit of a?
8
Let l = 648 - 362. Suppose 2*m + 3*t = -2*t + l, 2*m = 4*t + 304. What is the tens digit of m?
4
Let a = 443 + -265. Suppose -6*w + a = -122. What is the tens digit of w?
5
Let x = -118 + 116. Let n(s) = -4*s**3 + 5*s**2 + 9*s + 8. What is the tens digit of n(x)?
4
Let p be (1/1)/(-1) - 0. Let f = p - -9. What is the units digit of 1 + 4/(-2) + f?
7
Suppose 5*h = m + 922, -5*h - 2*m + 0*m + 916 = 0. What is the units digit of h?
4
Let n = 134 - -4. Let v be 27/3 - (1 - 1). Suppose -n = 6*u - v*u. What is the tens digit of u?
4
Let i be 17 - (-3 - -4) - 1. Suppose -4*f = 2*b - 3 + 23, -b + i = -3*f. Suppose 0 = -4*m + x + 76, m + b*x = 2*x + 26. What is the tens digit of m?
1
Let u(a) = -a**2 - 3*a + 9. Let t(h) = -h**3 - 4*h**2 - 3. Let q be t(-4). What is the units digit of u(q)?
9
Let q(g) = 5*g - 2. Let p be q(2). Suppose -3*c - 340 = -p*c. What is the tens digit of c?
6
Suppose 6*t - 4109 = 1801. What is the units digit of t?
5
Let t(x) be the second derivative of 5*x**5/24 + x**3/6 - 3*x. Let o(s) be the second derivative of t(s). What is the units digit of o(1)?
5
Let l be -1 + -2 + 6 + 1. Suppose -5*m = 20, -l*v - 40 + 120 = -4*m. What is the units digit of (-3 - -4) + v + 3?
0
Suppose 6 = -l + 2. Let h(q) = q**3 + 4*q**2 + q + 1. Let y be h(l). Let z(g) = g**3 + 7*g**2 - 4. What is the tens digit of z(y)?
3
Suppose -4*v = -2*x + 8, 5 = -x + 3*v + 7. Let b(p) = -p + 10. Let m be b(x). Suppose 0 = 2*f + m*f - 140. What is the tens digit of f?
3
Let q = 269 + 146. What is the units digit of q?
5
Let u be 12*-2*(-3)/18. Suppose -u*q = j - 3*j + 168, -4*j = -2*q - 342. What is the units digit of j?
6
Let g(y) = y**3 + 6*y**2 + 6*y + 3. Let z be (-4)/(-6)*(-36)/(-3). Let o = -12 + z. What is the tens digit of g(o)?
1
Let x(n) = -8*n + 13. Suppose 0 = 2*a - t - 7 - 0, 0 = a - 5*t + 19. Let i be x(a). Let p = -29 - i. What is the units digit of p?
6
Let m = -1541 - -2622. What is the hundreds digit of m?
0
Suppose 3*q - 9*q + 3786 = 0. What is the hundreds digit of q?
6
Let k be (-4)/7*(-11 + 4). Suppose 4*d = -3*u + 6*d + 216, 0 = -k*u - 3*d + 288. Suppose -12 - u = -2*t. What is the tens digit of t?
4
Let y(k) = 12*k**2 - 1. Let d be y(-1). Let a be -1 + 1 + (-3)/(-1). Suppose a*l + t = -3*t + 30, -l - t + d = 0. What is the tens digit of l?
1
Suppose -8*i + 11*i - 99 = 0. Let a = -23 + i. What is the units digit of 47/2 - 5/a?
3
Let d(g) = 2*g**2 + 11*g - 3. Let c be d(-8). Let x = 0 + 2. Suppose -x*o + 19 = -c. What is the tens digit of o?
2
Let a(z) = -z**2 - 14*z + 10. Let w(u) = 13*u - 10. Let s(t) = -2*a(t) - 3*w(t). Let n be s(8). Let m = 73 - n. What is the units digit of m?
3
Let o be (-57 - 1)*-1 + (-2)/(-1). Suppose o = -2*q + 336. What is the hundreds digit of q?
1
Suppose 6*h - 2 + 44 = 0. Let f = h + 190. What is the units digit of f?
3
Let m be 2 - (-2 - -3)*-3. Suppose 2*p - 4*p - 3*v = 23, m = -p + 5*v. What is the tens digit of (-694)/p + (-32)/80?
6
Let b(g) = 15*g + 25. Let j be b(5). Let m = 170 - j. What is the units digit of m?
0
Let n(i) = -i. Let c(o) = 27*o + 2. Let h(v) = -c(v) + 5*n(v). Let l be h(2). Let t = -31 - l. What is the tens digit of t?
3
Suppose 12*i = 1536 + 1920. Let q = i + -174. What is the tens digit of q?
1
Let q(z) = z**2 - 6*z - 9. Let t be (-10)/(-20) - 5/2. Let i be -14*t*(-9)/(-21). What is the units digit of q(i)?
3
Let h(b) = b**3 - 7*b**2 - 13*b. Suppose -5*c + 31 = -2*d, -3*c + c + 4 = 2*d. Suppose c*x - 65 = -4*y, -y + 50 = -0*x + 5*x. What is the tens digit of h(x)?
4
Suppose 0 = -2*h - 3*h. Let z = h + 10. What is the units digit of 5340/75 + (-2)/z?
1
Suppose 0 = -2*a + 4*n + 18, -10 = 2*n - 2. Let u(b) = 3*b**3 + 2*b**2 - b. Let t be u(a). Let q(z) = z**2 + z. What is the units digit of q(t)?
0
Let w(o) be the first derivative of 3*o**2/2 - 13*o - 3. Let m be w(6). Suppose -2*k - 2*u + 36 = -m*u, 2*k = -4*u + 8. What is the tens digit of k?
1
Suppose -3*r = 2*v - 44, r + v - 6 = 10. Let y = r + -11. Le